{"id":1016,"date":"2025-09-13T11:10:29","date_gmt":"2025-09-13T11:10:29","guid":{"rendered":"https:\/\/krusce.si\/?page_id=1016"},"modified":"2025-09-13T12:54:13","modified_gmt":"2025-09-13T12:54:13","slug":"buy-a-ticket","status":"publish","type":"page","link":"https:\/\/krusce.si\/index.php\/buy-a-ticket\/","title":{"rendered":"BUY A TICKET\/KUPI VSTOPNICO"},"content":{"rendered":"<script src=\"https:\/\/www.paypalobjects.com\/ncp\/cart\/cart.js\" data-merchant-id=\"V4YHNZCCRSG5A\"><\/script>\n\n<p>Spodaj lahko kupite vstopnice za ponovitve predstav 1979 1980 in sicer za:<\/p>\n\n\n\n<ul class=\"wp-block-list\">\n<li>petek, 26.9. 2025 ob 17h<\/li>\n\n\n\n<li>sobota, 27.9.2025 ob 17h<\/li>\n<\/ul>\n\n\n(ko izberete datum in \u0161tevilo vstopnic, se vrnite sem in za pla\u010dilo pritisnite na ko\u0161arico)\n\n<paypal-cart-button data-id=\"pp-view-cart\"><\/paypal-cart-button>\n<script>\n  cartPaypal.Cart({ id: \"pp-view-cart\" })\n<\/script>\n\n\n&#8211; PETEK, 26.9. 2025 ob 17h\n<paypal-add-to-cart-button data-id=\"AWVMJ9G66MEAE\"><\/paypal-add-to-cart-button>\n<script>\n  cartPaypal.AddToCart({ id: \"AWVMJ9G66MEAE\" })\n<\/script>\n\n\n&#8211; SOBOTA, 27.9.2025 ob 17h\n<paypal-add-to-cart-button data-id=\"H8PYTZMXRYK7U\"><\/paypal-add-to-cart-button>\n<script>\n  cartPaypal.AddToCart({ id: \"H8PYTZMXRYK7U\" })\n<\/script>","protected":false},"excerpt":{"rendered":"<p>Spodaj lahko kupite vstopnice za ponovitve predstav 1979 1980 in sicer za: (ko izberete datum in \u0161tevilo vstopnic, se vrnite sem in za pla\u010dilo pritisnite na ko\u0161arico) &#8211; PETEK, 26.9. 2025 ob 17h &#8211; SOBOTA, 27.9.2025 ob 17h<\/p>\n","protected":false},"author":1,"featured_media":0,"parent":0,"menu_order":0,"comment_status":"closed","ping_status":"closed","template":"","meta":{"footnotes":""},"class_list":["post-1016","page","type-page","status-publish","hentry"],"_links":{"self":[{"href":"https:\/\/krusce.si\/index.php\/wp-json\/wp\/v2\/pages\/1016","targetHints":{"allow":["GET"]}}],"collection":[{"href":"https:\/\/krusce.si\/index.php\/wp-json\/wp\/v2\/pages"}],"about":[{"href":"https:\/\/krusce.si\/index.php\/wp-json\/wp\/v2\/types\/page"}],"author":[{"embeddable":true,"href":"https:\/\/krusce.si\/index.php\/wp-json\/wp\/v2\/users\/1"}],"replies":[{"embeddable":true,"href":"https:\/\/krusce.si\/index.php\/wp-json\/wp\/v2\/comments?post=1016"}],"version-history":[{"count":20,"href":"https:\/\/krusce.si\/index.php\/wp-json\/wp\/v2\/pages\/1016\/revisions"}],"predecessor-version":[{"id":1045,"href":"https:\/\/krusce.si\/index.php\/wp-json\/wp\/v2\/pages\/1016\/revisions\/1045"}],"wp:attachment":[{"href":"https:\/\/krusce.si\/index.php\/wp-json\/wp\/v2\/media?parent=1016"}],"curies":[{"name":"wp","href":"https:\/\/api.w.org\/{rel}","templated":true}]}}